{"id":619,"date":"2023-02-27T19:04:21","date_gmt":"2023-02-27T23:04:21","guid":{"rendered":"https:\/\/canadatelecoms.ca\/about-us\/team\/"},"modified":"2025-12-08T12:40:25","modified_gmt":"2025-12-08T16:40:25","slug":"team","status":"publish","type":"page","link":"https:\/\/canadatelecoms.ca\/fr\/about-us\/team\/","title":{"rendered":"\u00c9quipe"},"content":{"rendered":"<section id=\"section-block-block_b4791d201b71d09fe14cd33e492914e6\" class=\"section-block_block\">\n<div class=\"container pt-6 pb-6\">\t\t\t\t\n\t\t<div class=\"row\">\n\t\t\t<div class=\"col-12\">\n\t\t\t\t<div class=\"acf-innerblocks-container\">\n\n<h1 class=\"wp-block-heading has-text-align-center\">Notre \u00e9quipe<\/h1>\n\n\n\n<p class=\"has-text-align-center\">Notre association est dirig\u00e9e par une \u00e9quipe d\u00e9vou\u00e9e, d\u00e9termin\u00e9e \u00e0 assurer un avenir meilleur aux Canadiens et Canadiennes gr\u00e2ce \u00e0 une plus grande connectivit\u00e9.<\/p>\n\n<\/div>\n\t\t\t<\/div>\n\t\t<\/div>\n\t<\/div>\n<\/section>\n\n<section id=\"section-block-block_5d54f7c0a05d42987d374694fbaec9d1\" class=\"section-block_block\">\n<div class=\"container pt-0 pb-0\">\t\t\t\t\n\t\t<div class=\"row\">\n\t\t\t<div class=\"col-12\">\n\t\t\t\t<div class=\"acf-innerblocks-container\">\n\n<div class=\"wp-block-buttons is-layout-flex wp-block-buttons-is-layout-flex\">\n<div class=\"wp-block-button is-style-btn-link-back\"><a class=\"wp-block-button__link wp-element-button\" href=\"https:\/\/canadatelecoms.ca\/fr\/about-us\/\">Retour \u00e0 \u00e0 propos de nous<\/a><\/div>\n<\/div>\n\n\n\n<div style=\"height:48px\" aria-hidden=\"true\" class=\"wp-block-spacer\"><\/div>\n\n\n\n<p><strong>Anna Baker<\/strong><br>Chef de bureau<br><br><\/p>\n\n\n\n<p><strong>Tania Bailie<\/strong><br>Gestionnaire de la s\u00e9curit\u00e9 des combin\u00e9s<br><br><\/p>\n\n\n\n<p><strong>Joanne Benoit<\/strong><br>Adjoint de direction<br><br><\/p>\n\n\n\n<p><strong>Mike Brown<\/strong><br>Directeur principal des finances<br><br><\/p>\n\n\n\n<p><strong>Annika Ceppetelli<\/strong><br>Coordonnatrice des op\u00e9rations<br><\/p>\n\n\n\n<p><br><strong>Andrea Daly<\/strong><br>Conseiller juridique<br><\/p>\n\n\n\n<p><br><strong>Camelia Fortin-Proulx<br><\/strong>Administratrice des comptes<br><br><\/p>\n\n\n\n<p><strong>Robert Ghiz<\/strong><br>Pr\u00e9sident et chef de la direction<br><br><\/p>\n\n\n\n<p><strong>Ursula Grant<\/strong><br>Vice-pr\u00e9sidente, Industrie et consommation<br><br><\/p>\n\n\n\n<p><strong>Isabela Jimenez<\/strong><br>Gestionnaire d&rsquo;\u00e9v\u00e9nements de l&rsquo;industrie et projets sp\u00e9ciaux<br><br><\/p>\n\n\n\n<p><strong>Mark Kinnear<\/strong><br>Gestionnaire de programme, Conseil des structures, pyl\u00f4nes et antennes<br><br><\/p>\n\n\n\n<p><strong>Nicholas Kyonka<\/strong><br>Directeur, Marketing et communications<br><strong><br><\/strong><\/p>\n\n\n\n<p><strong>Shannon Lee<\/strong><br>Analyste de donn\u00e9es<br><br><\/p>\n\n\n\n<p><strong>Caitlin O\u2019Neill<\/strong><br>Directrice, D\u00e9veloppement des produits de messagerie<br><strong><br><\/strong><\/p>\n\n\n\n<p><strong>Ashlee Smith<\/strong><br>Directrice des affaires publiques<br><br><\/p>\n\n\n\n<p><strong>Eric Smith<\/strong><br>Vice-pr\u00e9sident principal<br><br><\/p>\n\n\n\n<p><strong>Celine Tessier<\/strong><br>Coordonnatrice du projet de messagerie<br><br><\/p>\n\n\n\n<p><strong>Christine Tirichkin<\/strong><br>Coordonnatrice administrative, Affaires sectorielles<br><br><\/p>\n\n\n\n<p><strong>David Vuu<\/strong><br>Coordinateur de la conformit\u00e9, Industrie et consommation<br><br><\/p>\n\n\n\n<p><strong>Sage Wiese<\/strong><br>Gestionnaire de la transf\u00e9rabilit\u00e9 des num\u00e9ros sans fil<br><br><\/p>\n\n\n\n<p><strong>Katherine Winchester<\/strong><br>Vice-pr\u00e9sidente, Exploitation<\/p>\n\n<\/div>\n\t\t\t<\/div>\n\t\t<\/div>\n\t<\/div>\n<\/section>","protected":false},"excerpt":{"rendered":"","protected":false},"author":5,"featured_media":0,"parent":612,"menu_order":100,"comment_status":"closed","ping_status":"closed","template":"page-narrow.php","meta":{"_acf_changed":false,"inline_featured_image":false,"footnotes":""},"class_list":["post-619","page","type-page","status-publish","hentry"],"acf":[],"_links":{"self":[{"href":"https:\/\/canadatelecoms.ca\/fr\/wp-json\/wp\/v2\/pages\/619","targetHints":{"allow":["GET"]}}],"collection":[{"href":"https:\/\/canadatelecoms.ca\/fr\/wp-json\/wp\/v2\/pages"}],"about":[{"href":"https:\/\/canadatelecoms.ca\/fr\/wp-json\/wp\/v2\/types\/page"}],"author":[{"embeddable":true,"href":"https:\/\/canadatelecoms.ca\/fr\/wp-json\/wp\/v2\/users\/5"}],"replies":[{"embeddable":true,"href":"https:\/\/canadatelecoms.ca\/fr\/wp-json\/wp\/v2\/comments?post=619"}],"version-history":[{"count":22,"href":"https:\/\/canadatelecoms.ca\/fr\/wp-json\/wp\/v2\/pages\/619\/revisions"}],"predecessor-version":[{"id":4393,"href":"https:\/\/canadatelecoms.ca\/fr\/wp-json\/wp\/v2\/pages\/619\/revisions\/4393"}],"up":[{"embeddable":true,"href":"https:\/\/canadatelecoms.ca\/fr\/wp-json\/wp\/v2\/pages\/612"}],"wp:attachment":[{"href":"https:\/\/canadatelecoms.ca\/fr\/wp-json\/wp\/v2\/media?parent=619"}],"curies":[{"name":"wp","href":"https:\/\/api.w.org\/{rel}","templated":true}]}}

Équipe

<section id="section-block-block_b4791d201b71d09fe14cd33e492914e6" class="section-block_block">
<div class="container pt-6 pb-6">				
		<div class="row">
			<div class="col-12">
				<div class="acf-innerblocks-container">

<h1 class="wp-block-heading has-text-align-center">Notre équipe</h1>



<p class="has-text-align-center">Notre association est dirigée par une équipe dévouée, déterminée à assurer un avenir meilleur aux Canadiens et Canadiennes grâce à une plus grande connectivité.</p>

</div>
			</div>
		</div>
	</div>
</section>

<section id="section-block-block_5d54f7c0a05d42987d374694fbaec9d1" class="section-block_block">
<div class="container pt-0 pb-0">				
		<div class="row">
			<div class="col-12">
				<div class="acf-innerblocks-container">

<div class="wp-block-buttons is-layout-flex wp-block-buttons-is-layout-flex">
<div class="wp-block-button is-style-btn-link-back"><a class="wp-block-button__link wp-element-button" href="https://canadatelecoms.ca/fr/about-us/">Retour à à propos de nous</a></div>
</div>



<div style="height:48px" aria-hidden="true" class="wp-block-spacer"></div>



<p><strong>Anna Baker</strong><br>Chef de bureau<br><br></p>



<p><strong>Tania Bailie</strong><br>Gestionnaire de la sécurité des combinés<br><br></p>



<p><strong>Joanne Benoit</strong><br>Adjoint de direction<br><br></p>



<p><strong>Mike Brown</strong><br>Directeur principal des finances<br><br></p>



<p><strong>Annika Ceppetelli</strong><br>Coordonnatrice des opérations<br></p>



<p><br><strong>Andrea Daly</strong><br>Conseiller juridique<br></p>



<p><br><strong>Camelia Fortin-Proulx<br></strong>Administratrice des comptes<br><br></p>



<p><strong>Robert Ghiz</strong><br>Président et chef de la direction<br><br></p>



<p><strong>Ursula Grant</strong><br>Vice-présidente, Industrie et consommation<br><br></p>



<p><strong>Isabela Jimenez</strong><br>Gestionnaire d&rsquo;événements de l&rsquo;industrie et projets spéciaux<br><br></p>



<p><strong>Mark Kinnear</strong><br>Gestionnaire de programme, Conseil des structures, pylônes et antennes<br><br></p>



<p><strong>Nicholas Kyonka</strong><br>Directeur, Marketing et communications<br><strong><br></strong></p>



<p><strong>Shannon Lee</strong><br>Analyste de données<br><br></p>



<p><strong>Caitlin O’Neill</strong><br>Directrice, Développement des produits de messagerie<br><strong><br></strong></p>



<p><strong>Ashlee Smith</strong><br>Directrice des affaires publiques<br><br></p>



<p><strong>Eric Smith</strong><br>Vice-président principal<br><br></p>



<p><strong>Celine Tessier</strong><br>Coordonnatrice du projet de messagerie<br><br></p>



<p><strong>Christine Tirichkin</strong><br>Coordonnatrice administrative, Affaires sectorielles<br><br></p>



<p><strong>David Vuu</strong><br>Coordinateur de la conformité, Industrie et consommation<br><br></p>



<p><strong>Sage Wiese</strong><br>Gestionnaire de la transférabilité des numéros sans fil<br><br></p>



<p><strong>Katherine Winchester</strong><br>Vice-présidente, Exploitation</p>

</div>
			</div>
		</div>
	</div>
</section>
